{"id":9,"date":"2020-04-12T02:23:31","date_gmt":"2020-04-12T02:23:31","guid":{"rendered":"https:\/\/radiotaxi470000.com\/w\/?page_id=9"},"modified":"2026-03-09T09:09:40","modified_gmt":"2026-03-09T09:09:40","slug":"flota","status":"publish","type":"page","link":"https:\/\/radiotaxi470000.com\/w\/flota\/","title":{"rendered":"Flota"},"content":{"rendered":"<p>[et_pb_section fb_built=\u00bb1&#8243; fullwidth=\u00bbon\u00bb _builder_version=\u00bb4.4.1&#8243;][et_pb_fullwidth_header title=\u00bbFlota\u00bb _builder_version=\u00bb4.4.1&#8243; title_level=\u00bbh4&#8243; title_font=\u00bb|800||on|||||\u00bb title_text_align=\u00bbleft\u00bb title_font_size=\u00bb45px\u00bb background_color=\u00bb#c62118&#8243; custom_padding=\u00bb||0px|||\u00bb][\/et_pb_fullwidth_header][\/et_pb_section][et_pb_section fb_built=\u00bb1&#8243; _builder_version=\u00bb4.4.1&#8243;][et_pb_row column_structure=\u00bb1_3,1_3,1_3&#8243; _builder_version=\u00bb4.4.1&#8243;][et_pb_column type=\u00bb1_3&#8243; _builder_version=\u00bb4.4.1&#8243;][et_pb_blurb title=\u00bbVEH\u00cdCULOS EST\u00c1NDAR\u00bb image=\u00bbhttps:\/\/radiotaxi470000.com\/w\/wp-content\/uploads\/2026\/01\/518.jpeg\u00bb _builder_version=\u00bb4.4.1&#8243; header_font=\u00bb|800||on|||||\u00bb header_text_align=\u00bbcenter\u00bb header_text_color=\u00bb#c62118&#8243; min_height=\u00bb400px\u00bb custom_padding=\u00bb||0px|||\u00bb border_radii_image=\u00bboff|20px|20px||\u00bb]<\/p>\n<p style=\"text-align: justify;\"><span><\/span><\/p>\n<p style=\"text-align: justify;\"><span>Contamos con una amplia flota disponible las 24 horas del d\u00eda en las paradas o por teleconcertaci\u00f3n telef\u00f3nica. Los veh\u00edculos m\u00e1s modernos, con el m\u00e1ximo confort y seguridad para nuestros clientes.<\/span><\/p>\n<p>[\/et_pb_blurb][et_pb_blurb title=\u00bbVEH\u00cdCULOS +6 PLAZAS\u00bb image=\u00bbhttps:\/\/radiotaxi470000.com\/w\/wp-content\/uploads\/2026\/01\/222-1.png\u00bb _builder_version=\u00bb4.4.1&#8243; header_font=\u00bb|800||on|||||\u00bb header_text_align=\u00bbcenter\u00bb header_text_color=\u00bb#c62118&#8243; border_radii_image=\u00bboff|20px|20px||\u00bb]<\/p>\n<p style=\"text-align: justify;\"><span><\/span><\/p>\n<p style=\"text-align: justify;\"><span>Especiales para servicios al aeropuerto, desplazamientos con equipaje o grupos de hasta 4 personas.<\/span><\/p>\n<p>[\/et_pb_blurb][\/et_pb_column][et_pb_column type=\u00bb1_3&#8243; _builder_version=\u00bb4.4.1&#8243;][et_pb_blurb title=\u00bbVEH\u00cdCULOS DE GAMA ALTA\u00bb image=\u00bbhttps:\/\/radiotaxi470000.com\/w\/wp-content\/uploads\/2026\/03\/WhatsApp-Image-2026-03-08-at-22.10.11-1.jpeg\u00bb _builder_version=\u00bb4.4.1&#8243; header_font=\u00bb|800||on|||||\u00bb header_text_align=\u00bbcenter\u00bb header_text_color=\u00bb#c62118&#8243; min_height=\u00bb400px\u00bb custom_padding=\u00bb||0px|||\u00bb hover_enabled=\u00bb0&#8243; border_radii_image=\u00bboff|20px|20px||\u00bb]<\/p>\n<p style=\"text-align: justify;\"><span>Disponemos de un amplio abanico de veh\u00edculos de primeras marcas que har\u00e1n m\u00e1s agradables sus viajes. Entre otros modelos y marcas disponemos de Mercedes Benz, Volkswagen, Audi Y Tesla.<\/span><\/p>\n<p>[\/et_pb_blurb][et_pb_blurb title=\u00bbVEH\u00cdCULOS EUROTAXI\u00bb image=\u00bbhttps:\/\/radiotaxi470000.com\/w\/wp-content\/uploads\/2021\/10\/eurotaxi.jpg\u00bb _builder_version=\u00bb4.4.1&#8243; header_font=\u00bb|800||on|||||\u00bb header_text_align=\u00bbcenter\u00bb header_text_color=\u00bb#c62118&#8243; border_radii_image=\u00bboff|20px|20px||\u00bb]<\/p>\n<p style=\"text-align: justify;\"><span>Disponemos de taxis adaptados para el transporte de personas con movilidad reducida, con rampa autom\u00e1tica para que los usuarios accedan con sillas de ruedas.<\/span><\/p>\n<p>[\/et_pb_blurb][\/et_pb_column][et_pb_column type=\u00bb1_3&#8243; _builder_version=\u00bb4.4.1&#8243;][et_pb_blurb title=\u00bbVEH\u00cdCULOS MONOVOLUMEN\u00bb image=\u00bbhttps:\/\/radiotaxi470000.com\/w\/wp-content\/uploads\/2026\/01\/monovolumen.png\u00bb _builder_version=\u00bb4.4.1&#8243; header_font=\u00bb|800||on|||||\u00bb header_text_align=\u00bbcenter\u00bb header_text_color=\u00bb#c62118&#8243; min_height=\u00bb400px\u00bb custom_padding=\u00bb||0px|||\u00bb border_radii_image=\u00bboff|20px|20px||\u00bb]<\/p>\n<p style=\"text-align: justify;\"><span><\/span><\/p>\n<p style=\"text-align: justify;\"><span>Veh\u00edculos de gran capacidad de carga en el maletero y extraordinario confort interno, especialmente indicado para el transporte de personas mayores, compras de gran tama\u00f1o, etc.<\/span><\/p>\n<p>[\/et_pb_blurb][et_pb_blurb title=\u00bbVEH\u00cdCULOS H\u00cdBRIDOS\u00bb image=\u00bbhttps:\/\/radiotaxi470000.com\/w\/wp-content\/uploads\/2026\/01\/WhatsApp-Image-2026-01-14-at-19.04.49.jpeg\u00bb _builder_version=\u00bb4.4.1&#8243; header_font=\u00bb|800||on|||||\u00bb header_text_align=\u00bbcenter\u00bb header_text_color=\u00bb#c62118&#8243; border_radii_image=\u00bboff|20px|20px||\u00bb]<\/p>\n<p style=\"text-align: justify;\"><span><\/span><\/p>\n<p style=\"text-align: justify;\"><span>En consonancia con las nuevas tecnolog\u00edas, cada vez m\u00e1s taxis son h\u00edbridos, respetuosos con el medio ambiente y al producir menos ruidos son m\u00e1s c\u00f3modos para nuestros clientes.<\/span><\/p>\n<p>[\/et_pb_blurb][\/et_pb_column][\/et_pb_row][\/et_pb_section]<\/p>\n","protected":false},"excerpt":{"rendered":"<p>[et_pb_section fb_built=\u00bb1&#8243; fullwidth=\u00bbon\u00bb _builder_version=\u00bb4.4.1&#8243;][et_pb_fullwidth_header title=\u00bbFlota\u00bb _builder_version=\u00bb4.4.1&#8243; title_level=\u00bbh4&#8243; title_font=\u00bb|800||on|||||\u00bb title_text_align=\u00bbleft\u00bb title_font_size=\u00bb45px\u00bb background_color=\u00bb#c62118&#8243; custom_padding=\u00bb||0px|||\u00bb][\/et_pb_fullwidth_header][\/et_pb_section][et_pb_section fb_built=\u00bb1&#8243; _builder_version=\u00bb4.4.1&#8243;][et_pb_row column_structure=\u00bb1_3,1_3,1_3&#8243; _builder_version=\u00bb4.4.1&#8243;][et_pb_column type=\u00bb1_3&#8243; _builder_version=\u00bb4.4.1&#8243;][et_pb_blurb title=\u00bbVEH\u00cdCULOS EST\u00c1NDAR\u00bb image=\u00bbhttps:\/\/radiotaxi470000.com\/w\/wp-content\/uploads\/2026\/01\/518.jpeg\u00bb _builder_version=\u00bb4.4.1&#8243; header_font=\u00bb|800||on|||||\u00bb header_text_align=\u00bbcenter\u00bb header_text_color=\u00bb#c62118&#8243; min_height=\u00bb400px\u00bb custom_padding=\u00bb||0px|||\u00bb border_radii_image=\u00bboff|20px|20px||\u00bb] Contamos con una amplia flota disponible las 24 horas del d\u00eda en las paradas o por teleconcertaci\u00f3n telef\u00f3nica. Los veh\u00edculos m\u00e1s modernos, con el m\u00e1ximo confort y [&hellip;]<\/p>\n","protected":false},"author":1,"featured_media":0,"parent":0,"menu_order":0,"comment_status":"closed","ping_status":"closed","template":"","meta":{"_et_pb_use_builder":"on","_et_pb_old_content":"","_et_gb_content_width":"","footnotes":""},"class_list":["post-9","page","type-page","status-publish","hentry"],"_links":{"self":[{"href":"https:\/\/radiotaxi470000.com\/w\/wp-json\/wp\/v2\/pages\/9","targetHints":{"allow":["GET"]}}],"collection":[{"href":"https:\/\/radiotaxi470000.com\/w\/wp-json\/wp\/v2\/pages"}],"about":[{"href":"https:\/\/radiotaxi470000.com\/w\/wp-json\/wp\/v2\/types\/page"}],"author":[{"embeddable":true,"href":"https:\/\/radiotaxi470000.com\/w\/wp-json\/wp\/v2\/users\/1"}],"replies":[{"embeddable":true,"href":"https:\/\/radiotaxi470000.com\/w\/wp-json\/wp\/v2\/comments?post=9"}],"version-history":[{"count":1,"href":"https:\/\/radiotaxi470000.com\/w\/wp-json\/wp\/v2\/pages\/9\/revisions"}],"predecessor-version":[{"id":860,"href":"https:\/\/radiotaxi470000.com\/w\/wp-json\/wp\/v2\/pages\/9\/revisions\/860"}],"wp:attachment":[{"href":"https:\/\/radiotaxi470000.com\/w\/wp-json\/wp\/v2\/media?parent=9"}],"curies":[{"name":"wp","href":"https:\/\/api.w.org\/{rel}","templated":true}]}}